er?
True
Is 2851589 composite?
True
Is 3863 composite?
False
Is 15557 a prime number?
False
Is 2416591 prime?
False
Is 540169 composite?
True
Is 23501 a composite number?
True
Is 92077 a composite number?
False
Is 919 a prime number?
True
Is 11579 a composite number?
False
Is 5099 prime?
True
Is 18883 composite?
True
Is 4559 composite?
True
Is 4223155 prime?
False
Is 142943 a prime number?
False
Is 12053 composite?
True
Is 3829 a prime number?
False
Is 1543 a prime number?
True
Is 18218 composite?
True
Is 6341 a prime number?
False
Is 253133 prime?
True
Is 295591 a composite number?
False
Is 16123 composite?
True
Is 12769 a prime number?
False
Is 40007 prime?
False
Is 35347 a prime number?
False
Is 196591 a composite number?
True
Is 134509 composite?
True
Is 6941 a prime number?
False
Is 20281 composite?
True
Is 392243 a prime number?
False
Is 118247 prime?
True
Is 93813 a composite number?
True
Is 14657 a composite number?
False
Is 275957 composite?
True
Is 781111 prime?
True
Is 3511 a prime number?
True
Is 236807 a composite number?
False
Is 107645 a composite number?
True
Is 11857 composite?
True
Is 32531 composite?
False
Is 48937 prime?
False
Is 6101 composite?
False
Is 1543 a prime number?
True
Is 1527 prime?
False
Is 1409593 a prime number?
False
Is 2411 prime?
True
Is 195649 a prime number?
False
Is 7853 composite?
False
Is 630271 a composite number?
True
Is 697 composite?
True
Is 754967 a prime number?
True
Is 39281 a prime number?
False
Is 32114 prime?
False
Is 2843 prime?
True
Is 117973 a composite number?
False
Is 12517 prime?
True
Is 2211161 a composite number?
False
Is 102367 a composite number?
False
Is 606719 a prime number?
False
Is 15947 a prime number?
False
Is 259271 a composite number?
False
Is 5981 composite?
False
Is 175457 prime?
False
Is 58309 a prime number?
True
Is 1413979 composite?
True
Is 113753 composite?
True
Is 14386 composite?
True
Is 144817 composite?
False
Is 9463 composite?
False
Is 25901 prime?
False
Is 16739 a composite number?
True
Is 247031 prime?
True
Is 223823 a prime number?
True
Is 40343 prime?
True
Is 12841 prime?
True
Is 93787 composite?
False
Is 22289 composite?
True
Is 17926 composite?
True
Is 9521 a composite number?
False
Is 497339 a composite number?
False
Is 51259 a prime number?
False
Is 34139 a prime number?
False
Is 457661 prime?
True
Is 907 a prime number?
True
Is 192886 a composite number?
True
Is 160561 composite?
True
Is 3659 prime?
True
Is 76559 a prime number?
False
Is 56567 composite?
True
Is 13579 composite?
True
Is 6389 a prime number?
True
Is 57601 a prime number?
True
Is 240455 a prime number?
False
Is 37757 composite?
True
Is 26903 a composite number?
False
Is 28081 a prime number?
True
Is 97771 composite?
False
Is 50671 composite?
False
Is 213385 a composite number?
True
Is 7123 composite?
True
Is 13579 a prime number?
False
Is 492391 composite?
True
Is 967 a prime number?
True
Is 195409 composite?
True
Is 3787 prime?
False
Is 93085 prime?
False
Is 1505563 prime?
True
Is 3899 a composite number?
True
Is 919 a prime number?
True
Is 431617 composite?
False
Is 18371 composite?
False
Is 17147 prime?
False
Is 258233 prime?
True
Is 12941 a prime number?
True
Is 2929 a composite number?
True
Is 6947 a prime number?
True
Is 6389 composite?
False
Is 11923 prime?
True
Is 426799 a composite number?
False
Is 14233 prime?
False
Is 720101 a prime number?
True
Is 631 composite?
False
Is 208877 a composite number?
False
Is 277051 composite?
False
Is 1114 a prime number?
False
Is 4111 a prime number?
True
Is 6779 composite?
False
Is 878489 prime?
True
Is 8935 a composite number?
True
Is 5599 prime?
False
Is 31627 a prime number?
True
Is 5033 a composite number?
True
Is 6521 a prime number?
True
Is 4604969 a composite number?
False
Is 16033 prime?
True
Is 115 prime?
False
Is 248741 composite?
True
Is 1357 a composite number?
True
Is 7993 a prime number?
True
Is 3787 prime?
False
Is 641797 composite?
True
Is 98369 composite?
False
Is 107339 a prime number?
True
Is 755747 a composite number?
True
Is 7981 prime?
False
Is 311807 prime?
True
Is 492589 prime?
False
Is 9182 a prime number?
False
Is 30731 prime?
False
Is 516517 a composite number?
False
Is 8059 composite?
False
Is 201 a composite number?
True
Is 474407 a composite number?
True
Is 967591 a composite number?
True
Is 877 a prime number?
True
Is 163499 prime?
False
Is 24829 composite?
True
Is 347 prime?
True
Is 2155 prime?
False
Is 373 a composite number?
False
Is 4542693 composite?
True
Is 244003 prime?
True
Is 694843 a composite number?
True
Is 657113 composite?
False
Is 11443 composite?
False
Is 101237 a prime number?
False
Is 52739 a prime number?
False
Is 213119 a composite number?
False
Is 145378 composite?
True
Is 1556783 composite?
True
Is 32149 a prime number?
False
Is 287065 a prime number?
False
Is 221261 a prime number?
True
Is 106706 a composite number?
True
Is 1525561 prime?
True
Is 37939 prime?
False
Is 143799 prime?
False
Is 87757 a prime number?
False
Is 2309 a composite number?
False
Is 39929 a prime number?
True
Is 2153 a prime number?
True
Is 206629 a composite number?
True
Is 2458817 a prime number?
True
Is 509893 prime?
False
Is 17693 a prime number?
False
Is 1997339 composite?
False
Is 62071 prime?
True
Is 55069 a composite number?
True
Is 21439 a composite number?
True
Is 64105 a prime number?
False
Is 767 a prime number?
False
Is 122441 composite?
True
Is 74083 a prime number?
False
Is 2329 a composite number?
True
Is 65933 composite?
True
Is 3036533 prime?
True
Is 485131 prime?
True
Is 117679 a composite number?
False
Is 30881 composite?
False
Is 11057 composite?
False
Is 40459 prime?
True
Is 3305 a composite number?
True
Is 1076669 a prime number?
False
Is 369647 prime?
True
Is 9199 a composite number?
False
Is 6295 a composite number?
True
Is 45161 prime?
True
Is 4699 a composite number?
True
Is 35285 composite?
True
Is 587 a prime number?
True
Is 53497 a prime number?
False
Is 152879 a composite number?
False
Is 13165 composite?
True
Is 553 composite?
True
Is 17833 prime?
False
Is 2230051 a prime number?
True
Is 1858 prime?
False
Is 7001 prime?
True
Is 667211 prime?
True
Is 12381 prime?
False
Is 31847 a composite number?
False
Is 6189 composite?
True
Is 116407 a prime number?
False
Is 567319 a composite number?
False
Is 20039 a composite number?
True
Is 32313 prime?
False
Is 31927 composite?
True
Is 1786963 composite?
False
Is 58657 a composite number?
False
Is 161321 a composite number?
True
Is 9451 a prime number?
False
Is 7187 composite?
False
Is 1110745 a prime number?
False
Is 1177 a prime number?
False
Is 5539 composite?
True
Is 694767 composite?
True
Is 1140797 composite?
True
Is 118747 prime?
True
Is 28877 a prime number?
False
Is 6600421 a prime number?
True
Is 3309 a prime number?
False
Is 3045421 prime?
True
Is 155018 a composite number?
True
Is 5569 a prime number?
True
Is 9571 prime?
False
Is 163759 a prime number?
False
Is 6947 composite?
False
Is 89855 a composite number?
True
Is 130957 a composite number?
False
Is 24743 prime?
False
Is 736001 prime?
False
Is 612217 a prime number?
True
Is 158747 a prime number?
True
Is 22723 prime?
False
Is 547 composite?
False
Is 1361 composite?
False
Is 10079 a prime number?
True
Is 121513 composite?
True
Is 541 prime?
True
Is 550513 prime?
True
Is 148991 a prime number?
True
Is 12689 a composite number?
False
Is 12569 a composite number?
False
Is 20477 composite?
False
Is 29123 a composite number?
False
Is 20789 a prime number?
True
Is 2166571 a composite number?
True
Is 13309 a composite number?
False
Is 14123 composite?
True
Is 12731 composite?
True
Is 23857 a composite number?
False
Is 18329 a composite number?
False
Is 636917 a composite number?
False
Is 30997 composite?
True
Is 3803 a prime number?
True
Is 16429 prime?
False
Is 2371 composite?
False
Is 178513 composite?
False
Is 411973 prime?
False
Is 146117 a prime number?
True
Is 799 prime?
False
Is 301759 composite?
False
Is 955 composite?
True
Is 5167 composite?
False
Is 133487 a prime number?
False
Is 291581 prime?
False
Is 691121 a composite number?
False
Is 1142371 composite?
True
Is 15859 composite?
False
Is 44617 a composite number?
False
Is 33707 a composite number?
True
Is 17211 a prime n